n g is divided by 20?
16
Let w = 4676 - 4616. Calculate the remainder when 1257 is divided by w.
57
Calculate the remainder when 3394 is divided by 11/(-3)*(-73 + 70).
6
Suppose 78*r = 100*r - 7964. What is the remainder when r is divided by 73?
70
Suppose 8665*l - 8686*l + 387 = -1314. Let j = -10 - -33. What is the remainder when l is divided by j?
12
Let j(a) = 45*a + 183. Let x be j(-4). Suppose 13 = z - x*w - 154, -5*z + 855 = 5*w. Calculate the remainder when z is divided by 87.
83
Let n = 8 - -38. Let f(s) = -s**3 - 25*s**2 - 56*s + 308. What is the remainder when f(-22) is divided by n?
42
Let c(h) = -33*h - 352. Calculate the remainder when c(-12) is divided by 2*(-1 - 38/(-4)).
10
Let m(z) = z + 39. Let i(w) = w + 26. Let s be i(-20). Let a(h) = h. Let j(r) = s*a(r) + m(r). What is the remainder when 7 is divided by j(-5)?
3
Let n(x) = 2*x**3 - 31*x**2 + 12*x + 34. Let r(j) = -2*j**3 + j. Let l(w) = n(w) + 2*r(w). Calculate the remainder when 260 is divided by l(-16).
62
Suppose -9 = b - c, -3*b - 27 = 5*c - 0*c. What is the remainder when 1*60*39*(-1)/b is divided by 67?
59
Suppose 2*j = h - 39, -4*j = 5*h - 0*j - 139. Suppose 480*d = 496*d - 192. What is the remainder when h is divided by d?
7
Suppose 55 = 5*h + 5*g, 6*h - 3*h - 2*g - 18 = 0. Suppose 4*x - 3*w + w = 92, -2*w + 92 = 4*x. What is the remainder when x is divided by h?
7
Let h = -1730 - -1949. Calculate the remainder when h is divided by 100.
19
Let h be (-2)/5 + 196/(-10). Let w = h - -23. What is the remainder when w + 8/6*792/16 is divided by 12?
9
Let m = -385 - -268. Let y = -29 - m. What is the remainder when y is divided by 19?
12
Let w be 1479/27 - 8/(-36) - -2. Suppose 63*c = w*c + 42. Calculate the remainder when 23 is divided by c.
2
Suppose -429*x + 449*x - 51 = 249. Suppose -m = 3*m - 40. Suppose 5*h + m = 55. Calculate the remainder when x is divided by h.
6
Suppose 55*z - 99*z = -57*z + 585. Let k(n) = -37*n - 1. What is the remainder when k(-6) is divided by z?
41
Calculate the remainder when (-232)/(-522) + (-5648)/(-9) is divided by 311.
6
Suppose 5*j - j - 392 = 0. Let w be (3 - 2)/(-1) - (2 + -25). Suppose 93 = 3*a + 4*t - w, 79 = 3*a - 5*t. What is the remainder when j is divided by a?
32
Let f = -490 - -526. Suppose f*o = 19*o + 3859. What is the remainder when o is divided by 78?
71
Let m be 9 + 12 + (2 - (2 + 0)). Calculate the remainder when 2/8 + 1353/12 is divided by (0 - (-7)/(m/102)) + 4.
37
Suppose 5*d = 5*z + 1880, 479*d = 474*d - 5*z + 1820. Calculate the remainder when d is divided by 54.
46
Suppose 0 = -4*p + 16, -1166*j - 88 = -1168*j - 4*p. What is the remainder when 194 is divided by j?
14
Let l = -273 + 339. What is the remainder when l is divided by 59?
7
Suppose q + 25 = 37. Calculate the remainder when 2240 is divided by q.
8
Let q(a) = -a**3 + 2*a**2 - 4*a + 8. Let t be q(4). Suppose 7*p = 3*p + 412. Let x = p + t. What is the remainder when x is divided by 16?
15
Let g(f) = f**3 + 10*f**2 - 12*f - 161. What is the remainder when 50 is divided by g(-9)?
22
Suppose 0 = 9*y - 453 - 24. Let n be 48/(-3)*2/2. Let f = n - -34. What is the remainder when y is divided by f?
17
What is the remainder when 10589 is divided by (-5 + 3)/((-45)/675)?
29
Let c(q) = -q**2 - 27*q + 3434. Calculate the remainder when c(44) is divided by 36.
22
Let x = 88 + 27. What is the remainder when x is divided by 91?
24
Let v(u) = -4*u**3 + 5*u + 4. Let c be v(-2). Suppose -c - 30 = -4*j. What is the remainder when 69 is divided by j?
13
Suppose 4*k - 2262 = b - 738, -2*k + 2*b + 768 = 0. Suppose k = 5*j - 5*n, 8*n - 3 = 7*n. Calculate the remainder when j is divided by 21.
16
Suppose -4*t + 3*x = -547, -4*t + 686 = t - 3*x. What is the remainder when 214 is divided by t?
75
Let f = 6266 + -5913. What is the remainder when f is divided by 136?
81
Let g(k) = -2*k**2 - 42*k - 166. Calculate the remainder when 268 is divided by g(-7).
28
Suppose -21 = 4*k + 3. Let n(w) = 4*w**2 + 13*w - 11. Let g(q) = -q**2 - q - 1. Let z(f) = k*g(f) - n(f). What is the remainder when z(6) is divided by 17?
13
Let h = 11717 - 11704. Calculate the remainder when 107 is divided by h.
3
Let c(w) = -2*w**2 + 102*w + 1. Let f be c(47). Let m = f - 329. Calculate the remainder when 239 is divided by m.
47
What is the remainder when 316 is divided by 105 - ((-2)/2 - 8/(-6 + -2))?
1
What is the remainder when ((-29)/3)/((21/98)/(144/(-14))) is divided by 95?
84
Suppose 2*q = 4*u - 0*u - 98, 3*q - 3 = 0. Let h = 113 + 58. Let r = -99 + h. What is the remainder when r is divided by u?
22
Calculate the remainder when 308 is divided by (-40)/(-190)*38 - (-24 + 1).
29
Let j = 345 - 183. Let c = -3140 + 3155. What is the remainder when j is divided by c?
12
Let w be ((2/1)/1)/((-1)/(-8)). Suppose -w + 12 = -2*o. Suppose 2*r + 2*b - 102 = 0, 2*r - o*b = -5*b + 107. Calculate the remainder when r is divided by 12.
10
Suppose -68 = -4*d - 2*h, 4*h - 16 + 8 = 0. Suppose -20*w - b = -d*w - 71, 4*b = 4*w - 96. What is the remainder when 52 is divided by w?
14
Let h = 181 + -149. What is the remainder when 333 is divided by h?
13
Let i be 724/6 - (-2)/(-3). Suppose 22*n + 39 - 105 = 0. Suppose -i = -8*h + n*h. What is the remainder when 93 is divided by h?
21
Calculate the remainder when 914 is divided by (-15)/35 + 4/(-84)*-387.
14
Let x = -8254 + 8360. What is the remainder when 2008 is divided by x?
100
Calculate the remainder when 3768 is divided by (18/15)/(((-30)/60)/(15/(-4))).
6
Let a be ((-58)/8 + 2)/((-21)/(-56)). Let j(m) = 2*m + 169. Calculate the remainder when j(a) is divided by 25.
16
Suppose -104*c + 4*y + 607 = -101*c, -5*y = -2*c + 400. What is the remainder when 16192 is divided by c?
202
Let f = 1438 - 1279. Calculate the remainder when 1904 is divided by f.
155
Let p be (-649)/(-7) - 14/(-49). Suppose 54 = -9*o + 11*o - 2*b, -b + p = 3*o. What is the remainder when (687/(-2))/(-3) - (-1)/(-2) is divided by o?
24
Suppose -35*j = -11*j - 7200. Let z = j + -225. What is the remainder when z is divided by 24?
3
Let g be ((-4)/((-24)/(-315)))/(8/(-80)). Let k = -191 + g. Calculate the remainder when k is divided by 114.
106
Let l = 9 - -42. What is the remainder when l is divided by 10 - (-22)/(88/12)?
12
Calculate the remainder when 514 is divided by (63/315)/(2/(-5))*-92.
8
Let q(h) = h**2 + 10*h - 1. Let r be q(-8). Let b = r - -44. What is the remainder when 106 is divided by b?
25
Let h(s) = -5*s + 70. Let c be h(13). Suppose -c*i + 4*o = -25, 5*i - o = 7 + 3. What is the remainder when i is divided by 1?
0
Let j = 5583 - 4716. What is the remainder when j is divided by 15?
12
Suppose w = 2*z - 25 - 9, 0 = 5*z - 2*w - 83. Let a = 3792 - 3737. Calculate the remainder when a is divided by z.
10
Let q = -1498 - -1540. Calculate the remainder when 332 is divided by q.
38
Let s(w) = 52*w + 1. Let m be s(1). Suppose 51*u + 389 + 403 = 129. Let h = m + u. Calculate the remainder when h is divided by 26.
14
Let k be 452*(-5)/(-40)*-10. Let l = k - -795. What is the remainder when l is divided by 77?
76
Let p(v) = v**2 + 2*v - 1. Suppose 3*r - 2*r - t = -21, -t - 48 = 2*r. Let a = 33 + r. Calculate the remainder when a is divided by p(-4).
3
Let c = 16049 + -14227. Calculate the remainder when c is divided by 16.
14
Suppose -b = 2*w - 4, 3*w + 74 - 66 = 2*b. Suppose w = 82*u - 90*u + 1328. Calculate the remainder when u is divided by 26.
10
What is the remainder when 1273 is divided by (6/14)/(-1) - (-6 - (-6135)/(-105))?
57
Suppose 12*a = 14*a - 4*u - 3656, -7344 = -4*a + 4*u. What is the remainder when a is divided by 25?
19
Suppose 3*m - 36 = 3*g, -4*m = 4*g + g - 12. Let a = 17 + m. Let h(q) = q**3 + 20*q**2 - 7*q - 17. Calculate the remainder when h(-20) is divided by a.
23
Suppose -3*n - 392 = -p - 3*p, 2*p + n - 186 = 0. Let f = p + -88. Suppose 14*c + 0*c - 546 = 0. Calculate the remainder when c is divided by f.
4
Calculate the remainder when 539 is divided by (1 + -3 - 4) + (-176)/(-15 + 4).
9
Let r = 91 - 91. Suppose r = 5*c + u - 27 - 22, -15 = -c + 5*u. Calculate the remainder when 79 is divided by c.
9
What is the remainder when 1799 is divided by 0 + 33 + -400 + 388?
14
Let w be 4/2 - 2 - 1*-119. Suppose 752 = -111*f + w*f. Calculate the remainder when f is divide